6 + -653. Let a be s(z). Calculate the greatest common factor of 49 and a.
49
Let q(t) = -t**3 - 14*t**2 - 12*t - 22. Let a be q(-15). Let p = 408 - a. Calculate the highest common factor of p and 925.
25
Let k = 5696 + -2067. What is the highest common factor of k and 19?
19
Let g = 840 + -347. Suppose -928 = -9779*u + 9747*u. Calculate the greatest common factor of g and u.
29
Suppose 17 - 50 = -11*v. Suppose -3*a = -v, 5*a = 2*i + 3*a. Calculate the greatest common divisor of 7 and i.
1
Let r be 28/2*27/18. Suppose 579 = 6*l - r. What is the greatest common divisor of 20 and l?
20
Suppose 14 = -4*m - 2*o + 48, 0 = 2*m + 4*o - 32. Calculate the highest common divisor of 1362 and m.
6
Let w = 7764 - 7698. What is the greatest common factor of w and 8151?
33
Let v(l) = -l**3 - 8*l**2 + 5*l - 3. Let g be v(4). Let u = 232 + g. What is the greatest common factor of 133 and u?
19
Suppose g + 3*g = b - 49, -4*g = -5*b + 53. Let a be (-1302)/g - 3/(-2). Calculate the highest common divisor of a and 10.
10
Suppose -m + 5*f - 1 = 0, 4*m - 5 - 6 = 5*f. Suppose -4785 = -m*q - 7*q. What is the greatest common divisor of 15 and q?
15
Let v(b) = -92*b + 2596. Let j be v(28). Calculate the greatest common divisor of j and 250.
10
Let w(v) = 16*v + 229. Let u(h) = -15*h - 230. Let k(l) = -3*u(l) - 2*w(l). Let a be k(-16). What is the greatest common factor of 168 and a?
24
Suppose 61*d - 64*d + 192 = 4*n, -5*d = -2*n - 372. What is the greatest common divisor of 18 and d?
18
Suppose 2*g - 306 = -4*b - 0*g, -3*g = -b + 94. Suppose 3*c - b = 83. Let v be ((-8)/(-3))/(6/c). What is the greatest common divisor of v and 12?
12
Suppose 10*y + 3 = z + 11*y, z = -5*y - 5. Suppose 3*k + p = 3359, 3*k - 3355 = z*p - 10*p. What is the greatest common factor of 16 and k?
16
Suppose 4*x + 0 = 24. Suppose 0 = -x*n + 3*n + 69. Suppose n*v - 14*v = 2079. Calculate the highest common divisor of 33 and v.
33
Let j be (-3)/(-3) + 1/((-4)/16). Let a be -1 - (-133 + (j - -2)). What is the highest common factor of a and 38?
19
Let p = 2580 - 2496. What is the highest common divisor of 1400 and p?
28
Suppose -4*b = 4*w - 15132, -1425 = -4*b - 1429. What is the greatest common factor of w and 704?
88
Let d = -4220 + 12915. Calculate the greatest common factor of 470 and d.
235
Suppose 37704 + 80555 = 80*k - 152061. What is the highest common factor of 436 and k?
109
Suppose -7*x = -42*x + 2415. Calculate the highest common divisor of 5037 and x.
69
Let j(c) = -6214*c**3 - 16*c**2 - 29*c - 14. Let d be j(-1). What is the greatest common divisor of d and 2616?
327
Suppose -3*n - 5 = 16. Let h(i) = 3*i**2 + 10*i - 2. Let f be h(n). Let p be 6/10*(-1450)/(-58). What is the greatest common factor of f and p?
15
Let x be (2/(-3))/(-1) + (-23120)/(-6). Calculate the greatest common factor of 205 and x.
41
Let y(u) = 45*u**2 + 48*u + 6. Let x be y(-2). Suppose -7 = -f + 14. Let v = f - -15. Calculate the highest common divisor of v and x.
18
Let i be ((-26 - -13) + 15)/((-2)/(-7)). Suppose 5*c + 5*k = 41 - 6, 4*c - 3*k + i = 0. What is the greatest common factor of c and 22?
2
Let u = -5667 - -9812. Calculate the greatest common divisor of 5 and u.
5
Suppose 40*o - 41*o = 0. Suppose o = 7*y - 8*y + 10. Let w = 16 + y. What is the greatest common divisor of 117 and w?
13
Let p(a) = 2536*a**2 + 2*a + 2. Let m be p(1). What is the greatest common divisor of 80 and m?
20
Suppose 0*h + 600 = 4*h. Let u = -167354 - -167554. What is the greatest common factor of h and u?
50
Let x(w) = 17 - 8*w - 9*w**2 + 5*w + 28 + 6*w**2. Let h be x(0). What is the highest common factor of 105 and h?
15
Let j be 4/(-6)*(-42)/(-4). Let q = -11 - j. Let f be (3 - 14)/(1*2/q). Calculate the highest common factor of 77 and f.
11
Let f = 424 - 372. What is the greatest common factor of 3159 and f?
13
Suppose 0 = 5*b, 4*y - 4*b + 3251 = 735. Let m = 645 + y. Let t(c) = c**3 + 3*c**2 + c. Let o be t(-2). What is the highest common divisor of m and o?
2
Let s = 59602 + -31275. Calculate the greatest common divisor of 39 and s.
13
Let x = -12826 + 13114. Calculate the highest common factor of x and 184.
8
Let g(z) = 3*z**2 - 248*z - 762. Let t be g(-3). What is the greatest common divisor of 9441 and t?
9
Suppose 2*x - 725 = 3*y, -161*x = -164*x - 4*y + 1130. Calculate the greatest common divisor of x and 1702.
74
Let f(r) = 2*r + 4. Let o be f(3). Let c = o - -34. Suppose 2*s = 5*s - 12. Calculate the highest common factor of c and s.
4
Let w be 69 + (-5)/((-25)/35). Let q(f) = -3*f + 1 - 8*f - 2*f**2 + 5*f**2 - 4*f**2. Let a be q(-9). Calculate the highest common factor of a and w.
19
Suppose x - 16 = 11*y - 12*y, -5*y = 10. Let z = 8 - 6. Suppose -j - 4*j + 5 = 0, -4*o + z*j + x = 0. What is the highest common divisor of o and 1?
1
Let n(f) = -152*f + 2296. Let q be n(10). What is the greatest common divisor of q and 24?
8
Let o(p) = 16*p**2 - 2*p + 1. Let a(y) = -3*y - 28. Let u be a(-10). Let v be o(u). Let z be 25/10*4/5 + v. Calculate the highest common factor of 9 and z.
9
Suppose 2*c = -5*k + 16, -5*k - 7*c + 10 = -2*c. Suppose -1 = 3*d + 2*w - 8, -3*w + 10 = k*d. What is the highest common factor of 31 and d?
1
Let s(d) = -387*d + 8. Let n be s(-1). Suppose f = -3*o - 0*f + n, -4*f = 3*o - 392. What is the greatest common divisor of 154 and o?
22
Let l be (-13 + 35/(6 + -1))/(9/(-48)). Calculate the highest common factor of l and 5.
1
Suppose 0 = h + 2*a - 82, -2*h - a + 271 = h. Let w = -6 + 45. Let z = w - 16. What is the greatest common factor of z and h?
23
Let y = 91 + -5. Let j = 82 + y. What is the highest common factor of 21 and j?
21
Let g be ((-8)/(-2))/(4 + (-11)/3). Calculate the highest common factor of g and 8958.
6
Let g(q) = q**2 - 10*q + 41. Let m be g(14). Let w = 223 - m. Calculate the highest common factor of w and 28.
14
Let y = 2555 - -2551. What is the highest common divisor of y and 138?
138
Let j be (3*(-11)/(-33))/(3/135). What is the highest common divisor of j and 1245?
15
Suppose 0*l = t + 4*l + 867, -2*l - 2571 = 3*t. Let s = t + 1229. Calculate the greatest common divisor of 34 and s.
34
Let d(w) = -2*w**2 - 241*w + 3518. Let i be d(13). Suppose 0 = j - 6*j + 1175. Calculate the greatest common factor of i and j.
47
Suppose 110*n - 23532 = 41*n + 10002. What is the highest common divisor of n and 36?
18
Suppose 18*t - 70 = 4*t. Suppose 10 = -5*j, g - t*j = 15 + 41. Calculate the highest common factor of g and 115.
23
Let o(h) be the second derivative of -h**5/20 + 11*h**4/12 + h**3/3 - 11*h**2/2 + 67*h. Let m be o(11). What is the highest common factor of 110 and m?
11
Let a = -11979 + 12012. Calculate the greatest common factor of 88 and a.
11
Let j be (-6 + (2 - -2))*-6. Suppose -35 = -5*p - 5*k, 3*k + 9 + j = 4*p. What is the greatest common divisor of 150 and p?
6
Let m be 6/21 + (-372)/(-21) + 270 + -276. Let l(f) = -f**2 + 3*f + 3. Let z be l(3). Suppose z*a - 18 = -0. What is the greatest common divisor of a and m?
6
Let a be -9 + -2 + 3 - -1. Let x be 48/(-4)*(a/2 + -2). Suppose x*s - 61*s = 160. Calculate the greatest common divisor of 24 and s.
8
Let o = 145 + -140. Let h(x) = x**3 + 4*x**2 - x - 4. Let z be h(o). What is the greatest common divisor of z and 24?
24
Suppose -136 = 4*u + 104. Let n = 94 + u. What is the highest common divisor of 374 and n?
34
Suppose 12*b - 7 = 29. Let s be (-7)/b + 275/33. What is the greatest common factor of s and 24?
6
Let w(i) = 16*i**2 - 82*i - 966. Let z be w(-12). Calculate the highest common factor of 946 and z.
86
Suppose 6*c = 518 + 322. Suppose -7*z - 76 + 272 = 0. What is the highest common divisor of c and z?
28
Let f(a) = -56*a**3 + 2*a**2 - 10*a - 29. Let l be f(-2). Calculate the highest common divisor of l and 596.
149
Let u be (-71 + 77)/((-9)/(-42)). What is the greatest common divisor of 21 and u?
7
Let p = -29061 - -41466. What is the highest common factor of 15 and p?
15
Let g be (4 - -1) + (-7 + 1 - (-509 + 440)). What is the highest common divisor of g and 6579?
17
Let s(j) = 6*j**2 - 20*j + 2. Let a be s(6). Calculate the highest common factor of a and 1421.
49
Suppose 2*g + 80 = -3*h, -7*g + 8*g - 2 = 0. Let c be 4/9*(-2142)/h. What is the greatest common divisor of 544 and c?
34
Let h = -330 + 226. Let o =